05 (base 7) to base 5
304103
1472 (base 10) to base 6
10452
-2002011121 (base 3) to base 11
-28846
What is aaa2 (base 14) in base 3?
1111112011
What is 1706 (base 8) in base 4?
33012
What is -2752 (base 9) in base 15?
-932
Convert -110020000 (base 3) to base 5.
-241120
Convert -4055 (base 9) to base 10.
-2966
What is 4989 (base 12) in base 10?
8313
Convert -5c5 (base 13) to base 3.
-1101021
1232123 (base 5) to base 16
5de6
Convert -111000000 (base 2) to base 16.
-1c0
Convert -31474 (base 10) to base 7.
-160522
-1010000001111 (base 2) to base 14
-1c2b
-141345 (base 7) to base 10
-26934
354 (base 8) to base 11
1a5
What is 1347 (base 16) in base 5?
124220
Convert 54aa (base 14) to base 6.
151502
592 (base 13) to base 10
964
-1000000110010010 (base 2) to base 15
-9c65
Convert 1001111110010010 (base 2) to base 11.
28767
Convert -3777 (base 11) to base 2.
-1001100111100
What is -3aa7 (base 14) in base 5?
-312324
-126624 (base 7) to base 14
-8a4b
What is 222234 (base 5) in base 10?
7819
-1001001001 (base 2) to base 10
-585
-1004 (base 10) to base 12
-6b8
-1fe7 (base 16) to base 10
-8167
Convert -411 (base 16) to base 4.
-100101
Convert -1958 (base 10) to base 4.
-132212
Convert -37244 (base 8) to base 2.
-11111010100100
What is 13040 (base 5) in base 11?
848
Convert 110011001 (base 2) to base 4.
12121
What is -732 (base 10) in base 2?
-1011011100
What is 10054 (base 11) in base 9?
22143
73ed (base 16) to base 3
1111201011
2000 (base 4) to base 8
200
What is 4514 (base 8) in base 2?
100101001100
Convert -231040 (base 5) to base 6.
-102142
2001111 (base 4) to base 9
12316
Convert 303002 (base 4) to base 5.
101031
What is -46362 (base 7) in base 16?
-2e4d
-2210202 (base 3) to base 15
-915
Convert 2021121 (base 3) to base 4.
121333
Convert 163 (base 9) to base 12.
b6
-13023 (base 7) to base 9
-4650
What is -43420 (base 5) in base 4?
-232221
Convert -110100111010 (base 2) to base 5.
-102021
Convert -b74 (base 13) to base 15.
-8a4
What is -111001001100 (base 2) in base 14?
-1496
Convert 10012011 (base 4) to base 16.
4185
Convert -445 (base 7) to base 15.
-104
What is 633 (base 11) in base 16?
2fa
-23312130 (base 4) to base 13
-1912b
Convert 3b (base 14) to base 3.
1222
What is 11694 (base 14) in base 8?
122742
What is -10120100 (base 3) in base 11?
-1a55
What is -566 (base 16) in base 13?
-824
-202463 (base 7) to base 6
-423525
Convert -96 (base 11) to base 15.
-70
What is -4254 (base 12) in base 9?
-10861
-20012010 (base 3) to base 16
-11a0
Convert -40b8 (base 13) to base 5.
-241224
324 (base 5) to base 16
59
What is 21370 (base 11) in base 3?
1120121010
-112211021 (base 3) to base 8
-25067
-711 (base 13) to base 11
-999
Convert -1a207 (base 12) to base 13.
-14590
-b48 (base 14) to base 6
-14140
-566a (base 13) to base 5
-341322
Convert -2c8 (base 13) to base 16.
-1f6
74563 (base 8) to base 3
1120122112
4341 (base 5) to base 9
732
-241 (base 14) to base 2
-111000001
Convert -4653 (base 9) to base 4.
-311322
Convert -1830 (base 11) to base 2.
-100100011100
What is 224c (base 15) in base 16?
1c68
What is 1dcb (base 16) in base 12?
44b7
904 (base 10) to base 12
634
-13224 (base 5) to base 8
-2050
Convert -10023 (base 7) to base 16.
-972
-4034 (base 5) to base 6
-2223
What is -6502 (base 9) in base 8?
-11255
What is 3c7c (base 16) in base 7?
63100
-7671 (base 9) to base 5
-140103
Convert -5aa4 (base 15) to base 13.
-8a10
-43 (base 9) to base 3
-1110
Convert -843 (base 12) to base 13.
-717
121756 (base 8) to base 14
11418
-200112210 (base 3) to base 16
-34d1
Convert -228 (base 13) to base 15.
-19c
101001100011 (base 2) to base 3
10122111
12163 (base 8) to base 2
1010001110011
What is 30455 (base 8) in base 10?
12589
What is -1345 (base 7) in base 16?
-20b
What is 202441 (base 5) in base 14?
25ad
Convert -4de5 (base 15) to base 8.
-40400
What is 4272 (base 9) in base 2?
110001000111
-21146 (base 8) to base 2
-10001001100110
-10011110111100 (base 2) to base 5
-311142
What is -b42 (base 12) in base 9?
-2215
Convert -333134 (base 5) to base 10.
-11669
What is 405 (base 12) in base 4?
21011
What is 14ab5 (base 13) in base 4?
21210103
-47859 (base 10) to base 5
-3012414
Convert -1222225 (base 6) to base 15.
-1454b
Convert -11110 (base 2) to base 16.
-1e
Convert -11153 (base 12) to base 16.
-588f
Convert -1001011111 (base 2) to base 12.
-427
Convert -544 (base 10) to base 6.
-2304
904 (base 12) to base 7
3535
What is -12 (base 13) in base 6?
-23
What is 1230 (base 8) in base 11?
554
3bc7 (base 15) to base 12
7497
What is 1001011010010101 (base 2) in base 4?
21122111
-6c06 (base 15) to base 7
-123633
Convert -14040 (base 6) to base 13.
-cc0
Convert 42124 (base 5) to base 12.
1745
25 (base 10) to base 6
41
What is -164000 (base 7) in base 8?
-77511
3121 (base 6) to base 2
1010111001
What is 494 (base 13) in base 14?
40d
What is -401114 (base 5) in base 3?
-122100212
373 (base 12) to base 4
20013
What is -2001000122 (base 3) in base 13?
-15347
Convert 665 (base 7) to base 6.
1325
Convert 6248 (base 12) to base 10.
10712
Convert 1643 (base 8) to base 9.
1244
What is -2374 (base 8) in base 10?
-1276
What is 2012 (base 4) in base 13?
a4
What is 100100001001111 (base 2) in base 8?
44117
What is 63 (base 14) in base 11?
7a
Convert 13123 (base 4) to base 11.
3a2
What is -2042 (base 5) in base 11?
-228
-17501 (base 11) to base 15
-7429
Convert -1101422 (base 5) to base 3.
-222001020
What is 3031 (base 7) in base 11?
876
a8b8 (base 12) to base 10
18572
17077 (base 8) to base 14
2b71
Convert -15f (base 16) to base 5.
-2401
143 (base 10) to base 5
1033
Convert 416 (base 11) to base 10.
501
Convert 113236 (base 7) to base 4.
10332022
-1011120221 (base 3) to base 8
-54765
18e (base 15) to base 4
11213
3410 (base 7) to base 13
73a
What is 120c (base 13) in base 3?
10111100
Convert 1120223 (base 4) to base 2.
1011000101011
What is -3b19 (base 12) in base 7?
-25536
What is -37106 (base 10) in base 4?
-21003302
322 (base 8) to base 11
181
What is -130 (base 11) in base 4?
-2122
What is 30424 (base 7) in base 10?
7417
What is 873 (base 14) in base 16?
685
What is 26053 (base 12) in base 15?
105a3
What is 60 (base 16) in base 2?
1100000
-7201 (base 11) to base 15
-2c75
-111011100 (base 2) to base 14
-260
Convert -14ba (base 15) to base 6.
-32334
What is -44 (base 12) in base 11?
-48
-1894 (base 10) to base 3
-2121011
What is -12a92 (base 14) in base 8?
-131650
Convert 1121 (base 6) to base 9.
324
Convert -5394 (base 10) to base 11.
-4064
What is -13 (base 5) in base 16?
-8
What is -11101111100 (base 2) in base 11?
-1492
Convert 13545 (base 11) to base 14.
705a
dd8 (base 15) to base 12
1988
What is 12312 (base 7) in base 8?
6253
Convert -15235 (base 9) to base 15.
-3135
-510 (base 7) to base 11
-20a
-6a6 (base 14) to base 11
-aa2
-100110 (base 2) to base 10
-38
5ed2 (base 15) to base 9
30658
Convert 679 (base 10) to base 2.
1010100111
Convert 181 (base 16) to base 5.
3020
Convert -1324304 (base 6) to base 8.
-217520
202033 (base 4) to base 15
9b1
Convert 22 (base 9) to base 8.
24
What is -1501 (base 6) in base 7?
-1105
What is 29 (base 11) in base 4?
133
What is 486 (base 13) in base 8?
1422
What is -17a9 (base 14) in base 3?
-12211222
Convert 3321 (base 6) to base 10.
769
-101011000110 (base 2) to base 11
-2088
-4101 (base 11) to base 13
-262c
What is -25 (base 16) in base 13?
-2b
What is 155266 (base 7) in base 11?
21055
What is 1a1 (base 13) in base 3?
102010
Convert 9d01 (base 14) to base 2.
110101001101101
What is -4023 (base 9) in base 3?
-11000210
What is 240 (base 7) in base 10?
126
What is 3531 (base 7) in base 10?
1296
What is 21112 (base 3) in base 4?
3023
Convert -100211122 (base 3) to base 11.
-5430
Convert -32121031 (base 4) to base 6.
-1132541
-78 (base 14) to base 6
-254
157bb (base 12) to base 10
30527
56863 (base 9) to base 4
21033330
What is 4443120 (base 5) in base 8?
230126
4 (base 14) to base 11
4
10001100110101 (base 2) to base 10
9013
-32445 (base 6) to base 13
-2078
What is 377 (base 16) in base 3?
1012212
Convert 62002 (base 10) to base 13.
222b5
50512 (base 6) to base 3
100010222
What is -2624 (base 7) in base 4?
-33212
What is 410313 (base 5) in base 16?
3398
Convert 1207 (base 14) to base 4.
301013
5527 (base 8) to base 2
101101010111
What is 10110 (base 